 prime factors of 1887879303.
3, 89, 2356903
What are the prime factors of 1051027654?
2, 199, 269, 9817
List the prime factors of 199390565.
5, 11, 23, 163, 967
List the prime factors of 455122624.
2, 11, 58771
What are the prime factors of 1606193241?
3, 673, 795539
List the prime factors of 748522391.
16649, 44959
List the prime factors of 45800061.
3, 23, 67, 9907
What are the prime factors of 1952401407?
3, 11, 101, 585779
What are the prime factors of 746705542?
2, 11, 811, 41851
What are the prime factors of 140898629?
349, 403721
What are the prime factors of 84992267?
84992267
What are the prime factors of 5184764?
2, 13, 99707
What are the prime factors of 370324678?
2, 67, 2763617
What are the prime factors of 194026691?
421, 460871
What are the prime factors of 72768102?
2, 3, 11, 1102547
List the prime factors of 12389892.
2, 3, 1032491
What are the prime factors of 461705828?
2, 61, 191, 9907
What are the prime factors of 42313809?
3, 61, 231223
List the prime factors of 9951053.
7, 281, 5059
List the prime factors of 426585203.
11, 31, 1250983
What are the prime factors of 1334881217?
1334881217
List the prime factors of 69526242.
2, 3, 31, 41, 1013
What are the prime factors of 209237746?
2, 53, 293, 6737
What are the prime factors of 881999664?
2, 3, 7, 13, 201923
List the prime factors of 523911795.
3, 5, 11, 19, 167117
List the prime factors of 20215112.
2, 2526889
What are the prime factors of 288759155?
5, 57751831
What are the prime factors of 4181253555?
3, 5, 5483, 50839
What are the prime factors of 626206533?
3, 23, 281, 32297
List the prime factors of 27857057.
1949, 14293
List the prime factors of 1052672885.
5, 11, 29, 659983
What are the prime factors of 547161330?
2, 3, 5, 18238711
List the prime factors of 48384743.
11, 167, 26339
What are the prime factors of 2838409316?
2, 19, 71, 103, 5107
What are the prime factors of 1099091838?
2, 3, 13, 41, 26437
List the prime factors of 12467830.
2, 5, 233, 5351
List the prime factors of 251994382.
2, 125997191
List the prime factors of 77565874.
2, 2621, 14797
List the prime factors of 179830157.
13, 13833089
What are the prime factors of 11245630?
2, 5, 11, 102233
What are the prime factors of 370740123?
3, 13, 3168719
List the prime factors of 1252210862.
2, 7, 1997, 44789
What are the prime factors of 722462553?
3, 80273617
What are the prime factors of 47474086?
2, 11, 2157913
What are the prime factors of 84095157?
3, 29, 31, 31181
What are the prime factors of 1236723749?
79, 2671, 5861
List the prime factors of 2908066947.
3, 14737, 65777
What are the prime factors of 1508963863?
11, 137178533
List the prime factors of 45298369.
3623, 12503
What are the prime factors of 77278495?
5, 7, 59, 37423
What are the prime factors of 178957990?
2, 5, 17895799
List the prime factors of 540368654.
2, 7, 701, 55061
What are the prime factors of 9413242?
2, 1559, 3019
List the prime factors of 4138058919.
3, 677, 2037449
List the prime factors of 1047651387.
3, 349217129
List the prime factors of 7670525.
5, 306821
List the prime factors of 103018936.
2, 83, 113, 1373
List the prime factors of 2824575904.
2, 23, 3837739
List the prime factors of 45952631.
37, 1241963
What are the prime factors of 1098087039?
3, 7, 17429953
What are the prime factors of 393691313?
393691313
What are the prime factors of 70760017?
1171, 60427
List the prime factors of 34999828.
2, 863, 10139
What are the prime factors of 72889032?
2, 3, 67, 45329
What are the prime factors of 3331546235?
5, 666309247
What are the prime factors of 3106744555?
5, 621348911
List the prime factors of 1503442645.
5, 37, 239, 919
What are the prime factors of 103759405?
5, 20751881
List the prime factors of 49720325.
5, 17, 116989
What are the prime factors of 773838788?
2, 1697, 114001
List the prime factors of 621305469.
3, 69033941
What are the prime factors of 429552944?
2, 1459, 18401
List the prime factors of 72200000.
2, 5, 19
List the prime factors of 21722301.
3, 19, 127031
What are the prime factors of 204275996?
2, 311, 164209
What are the prime factors of 20265995?
5, 677, 5987
What are the prime factors of 156210789?
3, 7, 2531, 2939
List the prime factors of 463356690.
2, 3, 5, 31, 101, 4933
List the prime factors of 49423041.
3, 203387
List the prime factors of 41319021.
3, 41, 61, 5507
What are the prime factors of 48892666?
2, 29, 842977
What are the prime factors of 112840005?
3, 5, 1373, 5479
List the prime factors of 164907038.
2, 17, 4850207
What are the prime factors of 27270605?
5, 19, 287059
What are the prime factors of 65091652?
2, 421, 38653
What are the prime factors of 44915490?
2, 3, 5, 29, 17209
What are the prime factors of 1809516177?
3, 7, 28722479
What are the prime factors of 203887466?
2, 79, 1290427
What are the prime factors of 122248985?
5, 1559, 15683
What are the prime factors of 32887490?
2, 5, 1741, 1889
List the prime factors of 3148842385.
5, 13, 233, 257, 809
What are the prime factors of 66111341?
37, 107, 16699
What are the prime factors of 74493609?
3, 17, 431, 3389
What are the prime factors of 1188852607?
61, 3061, 6367
List the prime factors of 21397933.
19, 131, 8597
What are the prime factors of 4631553355?
5, 11, 13, 17, 23, 16567
What are the prime factors of 433307085?
3, 5, 28887139
What are the prime factors of 426414881?
426414881
What are the prime factors of 947355649?
947355649
What are the prime factors of 624338047?
31, 20139937
List the prime factors of 643300320.
2, 3, 5, 13, 103093
List the prime factors of 1478980114.
2, 47, 173, 90947
List the prime factors of 7264376835.
3, 5, 293, 1652873
List the prime factors of 5812000417.
5812000417
What are the prime factors of 1904907251?
13, 31, 4726817
List the prime factors of 120848041.
523, 231067
List the prime factors of 670962665.
5, 269, 498857
What are the prime factors of 8827878?
2, 3, 1471313
List the prime factors of 163711261.
7, 419, 55817
What are the prime factors of 28551260?
2, 5, 1427563
What are the prime factors of 122627837?
101, 1214137
What are the prime factors of 2481180666?
2, 3, 29, 31, 47, 9787
List the prime factors of 178442800.
2, 5, 29, 15383
List the prime factors of 1956150682.
2, 978075341
List the prime factors of 146165227.
13, 864883
List the prime factors of 1580112259.
11, 23, 79, 7187
What are the prime factors of 13217447?
13217447
List the prime factors of 266217680.
2, 5, 29, 114749
What are the prime factors of 82311429?
3, 47, 583769
What are the prime factors of 467258163?
3, 37, 4209533
List the prime factors of 19562955.
3, 5, 149, 8753
List the prime factors of 946596.
2, 3, 7, 59, 191
What are the prime factors of 53797631?
53797631
What are the prime factors of 61889315?
5, 443, 27941
List the prime factors of 98767654.
2, 17, 269, 10799
List the prime factors of 2772164111.
2772164111
List the prime factors of 4289769348.
2, 3, 449, 796171
What are the prime factors of 401082608?
2, 25067663
List the prime factors of 117593112.
2, 3, 7, 13, 23, 2341
What are the prime factors of 993522365?
5, 11, 53, 569, 599
List the prime factors of 66016396.
2, 41, 61, 6599
List the prime factors of 94313698.
2, 47156849
List the prime factors of 99689883.
3, 229, 145109
What are the prime factors of 105622334?
2, 52811167
What are the prime factors of 4033832882?
2, 97, 1861, 11173
What are the prime factors of 36525194?
2, 18262597
List the prime factors of 238575924.
2, 3, 29, 228521
List the prime factors of 127438661.
7, 181, 14369
What are the prime factors of 630117143?
3023, 208441
What are the prime factors of 4326677826?
2, 3, 613, 1176367
What are the prime factors of 128147249?
3947, 32467
What are the prime factors of 659177873?
17, 311, 124679
What are the prime factors of 82553682?
2, 3, 31, 443837
List the prime factors of 10174046.
2, 541, 9403
What are the prime factors of 156434667?
3, 281, 185569
What are the prime factors of 247271127?
3, 2351, 35059
What are the prime factors of 115713144?
2, 3, 535709
List the prime factors of 5916557281.
223, 26531647
List the prime factors of 757830524.
2, 11, 461, 37361
List the prime factors of 328260097.
11, 29841827
List the prime factors of 536122916.
2, 7, 23, 118927
What are the prime factors o